 Is f a prime number?
True
Let j(r) = 10044*r - 85. Let g be (-18)/(-8)*(-80)/(-60). Is j(g) prime?
True
Let a = 4305 - 6028. Let w = -531 - a. Is w/56 - 4/14 a prime number?
False
Let a be ((5 - 4) + -1)/(-1). Suppose -2*f - 3943 = -z, a = -3*z + 9*f - 5*f + 11829. Is z a prime number?
True
Suppose 5 = 5*z - 20. Suppose -3*d + z*v = -13015, d - 5490 = 3*v - 1149. Suppose 7503 + d = 6*h. Is h a composite number?
False
Suppose -5*f - 2*s - 10 = -38, 0 = 5*f - 4*s - 4. Suppose -l + f*z = 7, z + 4 = -l + 4*z. Is 2/(-3 + l)*1373 a composite number?
False
Suppose 106*k + 92*k = 161*k + 28801799. Is k a composite number?
True
Suppose -11659*r = -11660*r + 5923. Is r a prime number?
True
Let s = 547 + -302. Let p = s - 141. Let k = p - -323. Is k a prime number?
False
Let z = 52816 + -22169. Is z a composite number?
True
Let a(q) = 3073*q**2 - 25*q + 7. Is a(-5) a prime number?
False
Let p be (2*(-18)/12)/(-1). Is 66/44*7796/p a prime number?
False
Suppose -12*a + 1555868 = -1732960. Is a a composite number?
False
Let w(u) = 83*u + 5. Let r(k) = -k. Let m(f) = -5*r(f) - w(f). Let y be m(-6). Let h = y - 240. Is h composite?
False
Let f(t) = -2*t**2 - 190*t + 1091. Is f(-83) a composite number?
False
Let b(x) = 222*x**3 - 17*x**2 + 12*x - 14. Is b(11) prime?
True
Let s = -415 + 412. Is (-256155)/60*(0 - (1 - s)) a composite number?
False
Let u = 1 + 3. Suppose -n - 2*b - 1 = 2, -4*b = u*n + 8. Is n + 3 - (16 + -145) composite?
False
Let o = 87 - 86. Is (-4979)/(-9) + o*(-4)/18 a composite number?
True
Let s be 3 + (2 - 2)/(5 + -6). Suppose -3 = -3*n, p - s*p - n + 2293 = 0. Suppose 3*q = 3*r + 1140, 3*q + r = -2*r + p. Is q prime?
False
Let n(c) = 13*c**2 + 21*c - 49. Let i be ((-2)/4)/((-1)/88*-4). Is n(i) a prime number?
False
Suppose -14*j + 18618925 = 18*j - 3106035. Is j prime?
False
Suppose 3*f + k = 50767, 0 = 4*f + k + 38393 - 106081. Is f a prime number?
True
Suppose 0*x + 5*s = -3*x + 103259, -x + 34453 = -5*s. Let m = -7409 + x. Is m a composite number?
True
Let r = -30319 + 95836. Is r composite?
True
Let b(l) = 1858*l + 2605. Is b(69) a prime number?
True
Let n be 290/(-8) - ((-5)/4)/5. Let q = 44 + n. Is q/(48/(-26991))*4/(-6) a composite number?
False
Is 11 + -18 + 7 - -10037 composite?
False
Let v be 3164/3 + 77/(-21) + 4. Let d = v + -51. Suppose -2*s + s - 3*f = -251, 0 = -4*s + 2*f + d. Is s composite?
False
Let a = -121144 - -209978. Is a composite?
True
Let r = 180062 - 102421. Is r composite?
False
Suppose 72*q + 260129 = 427221 + 522452. Is q composite?
True
Is 8/(-12) + 0 - (1 + (-511592)/12) a composite number?
True
Suppose 0 = -12*f + 775 + 293. Let c = f + -49. Let g = c + 183. Is g a prime number?
True
Is 2/10 + (-18534114)/(-30) + 29 composite?
True
Suppose 0 = -9*r + 410 - 1301. Suppose 0 = -3*p - 12 + 3, 5*p = 5*z + 75. Is (r/z)/((-2)/(-68)) composite?
True
Suppose -4*r + f + 13 = 0, 2*r - 3*f + 7 = 2*f. Let s be (5/3)/(7/3381). Suppose -11*o + s = -r*o. Is o a composite number?
True
Let v = -999 + 1769. Suppose 2*o + v = -1154. Let p = -195 - o. Is p prime?
False
Let a = 33156 + 109641. Is a a composite number?
True
Let h = -184 + 96. Is (-4)/22 - (108872/h - 4) a composite number?
True
Let a = 8130 - -74809. Is a prime?
True
Let i = -95235 + 197594. Is i a prime number?
True
Is (-22)/33*(-3 - (-1620828)/(-8)) a composite number?
True
Let f = -64 + 113. Suppose 4*u - 3*n - f = -0*u, 2*n = 3*u - 36. Suppose -386 = -u*c + 144. Is c a prime number?
True
Let d = -83099 - -145446. Is d a prime number?
True
Let o = 108 + -71. Suppose o*c = 34*c + 3183. Is c prime?
True
Suppose -369*z + 268131 + 576756 = 220908. Is z composite?
True
Let a = 268733 + -133776. Is a composite?
True
Suppose -7*b + b + 108 = 0. Let m be 1/2*4*b. Suppose m*i - 3832 = 32*i. Is i a composite number?
True
Let k(g) = 72*g**2 + 42*g - 180. Let u be k(43). Let q = -79009 + u. Is q a composite number?
True
Is (-43)/(-28) + (-895)/716 + (-508289)/(-7) prime?
True
Let a(l) = 249542*l + 102. Is a(2) composite?
True
Let p = 541350 + -313127. Is p composite?
False
Let d(a) = 26*a**3 + a**2 - 5*a + 3. Let t be d(2). Is ((-1)/(-4) - t/(-4))*22 prime?
False
Let g be ((-7)/70*-10)/(1/(-7701)). Let v = g + 15392. Is v a prime number?
True
Let y(z) = 4*z**2 + 4*z - 1. Suppose -9*s - 9 = -12*s. Let f be (-3)/(-1)*(-5)/(-2 - s). Is y(f) a prime number?
True
Let t = 2137 - -122. Suppose -19*g - t = -28*g. Is g a prime number?
True
Let t = -93 + 89. Is (-3)/(51/(-4469)) + t/(-34) prime?
True
Let b be (0 + 5/(-2))*(-4 - -2). Suppose -2*z - 4 = 0, -b*l + 5*z - 620 = -3*l. Let h = 970 + l. Is h a composite number?
True
Let s be (10/(-15))/((-2)/6). Suppose 5*t = a + s*t - 10, 0 = -a - 2*t. Suppose 2*q = -p + 4503 + 3896, a*p - 12611 = -3*q. Is q a prime number?
False
Suppose -4*q + 25 = -q + 5*h, 2*h - 38 = -4*q. Let d = q - 9. Let z(o) = 526*o - 3. Is z(d) a prime number?
True
Let m(l) = 2*l**2 + 9*l**2 + 22*l + l**3 + 0*l**3 + 41 - 4*l**2. Is m(13) a prime number?
False
Let z(u) = 6621*u + 10. Let j be z(1). Suppose 4*g - 6632 = -4*h, 4*g - 7*h + 10*h = j. Is g a prime number?
True
Is (4074622 - 36) + (3 - 0) prime?
True
Is (-7 - -9)/((-16)/(-5993768)) a prime number?
False
Let v be (4 - 16242/5) + (-10)/(-25). Let m = v + 4611. Is m prime?
True
Let f = 135528 + -86005. Is f a composite number?
False
Suppose -17*x = -143174 - 8823. Is x prime?
True
Let x(i) = -4*i**2 + 44*i + 3. Let h be x(11). Suppose 4*y = -5 - 7, 3*m = -h*y + 24504. Is m composite?
False
Let o = -93 + 158. Let f = 63 - o. Is (0 - -2)*(-1651)/f composite?
True
Let n(o) = 4*o**2 + o. Let b be n(-1). Let g(t) = -10*t**2 - 2 + 3 - 5*t + 11*t**2 + b*t**3 - 2. Is g(4) a prime number?
False
Let p = -8 + 8. Let g be ((p + 0)/2)/(3/(-3)). Suppose g = -11*c + 8*c + 2667. Is c composite?
True
Let s = -137687 + 602641. Suppose 15*p - s = p. Is p composite?
False
Let w(u) be the first derivative of 11*u**4/4 + 11*u**3/3 - 9*u**2/2 + 22*u - 45. Is w(7) a prime number?
True
Let q(k) = 3*k - 6. Let u be q(9). Let h(p) = p**3 + 6*p**2 + p - 3. Let l be h(-6). Is ((-2092)/14)/(-1) + l/u composite?
False
Let l(q) = 902*q - 19. Let t(s) = -300*s + 7. Let i(b) = 2*l(b) + 7*t(b). Is i(-1) composite?
False
Let c be (-2)/(-5)*(7 + 368455/10). Suppose 43274 = 3*o + c. Is o prime?
True
Suppose -4*s = 5*a - 120157, 9*s = 7*s + 3*a + 60095. Is s a prime number?
False
Let l(v) = -v**3 + 13*v**2 - 13*v + 15. Let h be l(12). Let p be 35052/26 + (-12)/78. Suppose -o - h*o = -p. Is o composite?
False
Suppose -4*v + 3*t = -9972, 2*v = 5*v - t - 7474. Suppose 0 = -d + 5, 0*j - 4*j - 2*d + v = 0. Is j + -1 + 16/4 composite?
True
Is 0 - 10 - (-2341959)/57 prime?
True
Let a = 25317 + -1706. Is a composite?
True
Let r be 3 + 3 + 63*6. Let f be -10 + (-2457)/12 - (-2)/(-8). Let a = r + f. Is a prime?
False
Let o(v) = -9*v**3 - 3*v**2 - 4*v + 9. Suppose 0 = -20*i + 19*i - 1. Let g be (-1 - (-28)/20)/(i/10). Is o(g) a prime number?
False
Suppose -10*r = -125 - 25. Is (25/r)/5*4311 a prime number?
False
Suppose -2*x + 1266 = -4*y, y - 3*y - 2520 = -4*x. Suppose x + 201 = 2*a. Is a a prime number?
False
Let s be 1*3315*825/(-225). Let r = -9829 - -1655. Let c = r - s. Is c a composite number?
True
Let b(c) = -c**3 + 7*c**2 + c + 9. Let r be b(7). Let m(d) = r - 11 - d**3 + 4 + 18*d**2 + 11 + 16*d. Is m(13) a prime number?
False
Let n(k) = -109*k**3 - 399*k**2 - 3*k - 32. Is n(-13) a composite number?
False
Suppose -4*g = 148 + 360. Is 1102/19*g/(-2) a prime number?
False
Let x = 294 + -293. Let w(c) = -188*c**3 + 2*c + 1019*c**3 + 45*c**3 - 1. Is w(x) composite?
False
Suppose y - 5*w + 26 = 0, -w = -3*y + 2 - 10. Let m = -157 - -156. Is 960 - y/m*-1 composite?
True
Is (-96474)/(-63)*-4*261/(-24) composite?
True
Is (-5 + (-105843)/6)/((-22)/44) a prime number?
True
Suppose -4*c = -d - 0 + 5, 4*c = -d - 3. Let y(q) = -4 + 52*q**2 - 259*q + 3 + 262*q - 1. Is y(d) composite?
False
Let q(k) = -273*k + 11. Let c(r) = -546*r + 22. Let b(v) = 3*c(v) - 7*q(v). Let o = 37 + -35. Is b(o) prime?
False
Suppose -2*w + 4*b = -727678, -w = 3*b - 603763 + 239949. Is w a prime number?
True
Let w(r) be the first derivative of r**2/2 + 17*r + 7. Let a be w(-14). Suppose -2*h = -5*q - 13985, -a*h - 3346 = -5*q - 24326. Is h prime?
False
Is (172/(-86) - (-15)/6)